{"id":906,"date":"2021-03-15T06:06:35","date_gmt":"2021-03-15T06:06:35","guid":{"rendered":"http:\/\/stadthotel-buehnenhaus.com\/?page_id=906"},"modified":"2023-01-28T15:13:41","modified_gmt":"2023-01-28T15:13:41","slug":"ferienwohnung","status":"publish","type":"page","link":"http:\/\/stadthotel-buehnenhaus.com\/?page_id=906","title":{"rendered":"Ferienwohnung"},"content":{"rendered":"\n<h2 class=\"has-text-align-center wp-block-heading\"><span class=\"has-inline-color has-vivid-green-cyan-color\"><strong><em>Urlaub im eigenen Land?<\/em><\/strong><\/span><\/h2>\n\n\n\n<p class=\"has-text-align-center\"><strong><span class=\"has-inline-color has-vivid-green-cyan-color\"><\/span><em><span class=\"has-inline-color has-vivid-red-color\"><\/span><\/em><\/strong><span class=\"has-inline-color has-vivid-red-color\"><strong><em><img loading=\"lazy\" decoding=\"async\" width=\"16\" height=\"16\" alt=\"\ud83d\udccc\" src=\"https:\/\/static.xx.fbcdn.net\/images\/emoji.php\/v9\/tac\/1\/16\/1f4cc.png\"><\/em><\/strong><\/span><\/p>\n\n\n\n<p>Unsere Ferienwohnung<strong><span class=\"has-inline-color has-vivid-red-color\"> IM<\/span><\/strong> Stadthotel am B\u00fchnenhaus&#8230;<img loading=\"lazy\" decoding=\"async\" alt=\"\ud83c\udfe8\" src=\"https:\/\/static.xx.fbcdn.net\/images\/emoji.php\/v9\/tfe\/1\/16\/1f3e8.png\" width=\"16\" height=\"16\"><img loading=\"lazy\" decoding=\"async\" alt=\"\ud83c\udfe0\" src=\"https:\/\/static.xx.fbcdn.net\/images\/emoji.php\/v9\/tf6\/1\/16\/1f3e0.png\" width=\"16\" height=\"16\"><\/p>\n\n\n\n<p>Die ca. 100qm gro\u00dfe Wohnung befindet sich im 1. Obergeschoss <span class=\"has-inline-color has-vivid-red-color\">(nur \u00fcber Treppe zu erreichen)<\/span> des Stadthotels! <\/p>\n\n\n\n<p>Sie bietet Platz f\u00fcr bis zu 5 Personen; verteilt auf 3 Schlafzimmer.<\/p>\n\n\n\n<p>Etwas ganz besonderes in dieser Wohnung ist unser <span class=\"has-inline-color has-vivid-cyan-blue-color\">KIN<\/span><span class=\"has-inline-color has-luminous-vivid-amber-color\">DER<\/span><span class=\"has-inline-color has-vivid-red-color\">ZIM<\/span><span class=\"has-inline-color has-vivid-green-cyan-color\">MER<\/span><img loading=\"lazy\" decoding=\"async\" alt=\"\ud83d\ude0a\" src=\"https:\/\/static.xx.fbcdn.net\/images\/emoji.php\/v9\/t7f\/1\/16\/1f60a.png\" width=\"16\" height=\"16\"> (nat\u00fcrlich d\u00fcrfen da auch Erwachsene schlafen <img loading=\"lazy\" decoding=\"async\" alt=\"\ud83d\ude09\" src=\"https:\/\/static.xx.fbcdn.net\/images\/emoji.php\/v9\/t57\/1\/16\/1f609.png\" width=\"16\" height=\"16\">)<\/p>\n\n\n\n<p>Das Badezimmer verf\u00fcgt \u00fcber eine ebenerdige Dusche, eine Badewanne mit Sternenhimmel<img loading=\"lazy\" decoding=\"async\" alt=\"\u2b50\" src=\"https:\/\/static.xx.fbcdn.net\/images\/emoji.php\/v9\/tb4\/1\/16\/2b50.png\" width=\"16\" height=\"16\"> , Toilette und zwei Waschbecken. <\/p>\n\n\n\n<p>In der ger\u00e4umigen K\u00fcche finden Sie alles, was Sie f\u00fcr einen entspannten Urlaub brauchen.<\/p>\n\n\n\n<p>An der K\u00fcche angeschlossen, ist der kleine aber feine Balkon, auf dem Sie morgens die erste Tasse Kaffee oder die letzten Sonnenstrahlen mit einem Glas Wein genie\u00dfen k\u00f6nnen. <\/p>\n\n\n\n<p><span class=\"has-inline-color has-vivid-red-color\"><strong>Preise pro Nacht<\/strong><\/span><\/p>\n\n\n\n<p><strong>5 Personen 149,00\u20ac \/  4 Personen 135,00\u20ac \/ 3 Personen 121,00\u20ac \/ 2\/1 Personen 102,00\u20ac<\/strong><\/p>\n\n\n\n<p><\/p>\n\n\n\n<p><\/p>\n\n\n\n<p>Wenn Sie sich ihr Fr\u00fchst\u00fcck nicht selber herrichten m\u00f6chten, kann gerne das Fr\u00fchst\u00fccksbuffet im Hotel f\u00fcr <span class=\"has-inline-color has-vivid-red-color\">8,50\u20ac\/Pers.\/Tag <\/span>hinzugebucht werden. Alternativ k\u00f6nnen wir Ihnen frische B\u00e4ckerbr\u00f6tchen vor die Wohnungst\u00fcre legen.<\/p>\n\n\n\n<p><\/p>\n\n\n\n<p><strong>&#8212;&gt; weitere Infos gibt&#8217;s gerne unter 02832 93240<\/strong><\/p>\n\n\n\n<p>info@stadthotel-buehnenhaus.de ;  Facebook oder Instagram<\/p>\n\n\n\n<p><\/p>\n","protected":false},"excerpt":{"rendered":"<p>Urlaub im eigenen Land? Unsere Ferienwohnung IM Stadthotel am B\u00fchnenhaus&#8230; Die ca. 100qm gro\u00dfe Wohnung befindet sich im 1. Obergeschoss (nur \u00fcber Treppe zu erreichen) <\/p>\n<p><a href=\"http:\/\/stadthotel-buehnenhaus.com\/?page_id=906\" class=\"button2\">Mehr lesen &raquo;<\/a><\/p>\n","protected":false},"author":2,"featured_media":0,"parent":0,"menu_order":0,"comment_status":"closed","ping_status":"closed","template":"","meta":{"footnotes":""},"class_list":["post-906","page","type-page","status-publish","hentry"],"_links":{"self":[{"href":"http:\/\/stadthotel-buehnenhaus.com\/index.php?rest_route=\/wp\/v2\/pages\/906","targetHints":{"allow":["GET"]}}],"collection":[{"href":"http:\/\/stadthotel-buehnenhaus.com\/index.php?rest_route=\/wp\/v2\/pages"}],"about":[{"href":"http:\/\/stadthotel-buehnenhaus.com\/index.php?rest_route=\/wp\/v2\/types\/page"}],"author":[{"embeddable":true,"href":"http:\/\/stadthotel-buehnenhaus.com\/index.php?rest_route=\/wp\/v2\/users\/2"}],"replies":[{"embeddable":true,"href":"http:\/\/stadthotel-buehnenhaus.com\/index.php?rest_route=%2Fwp%2Fv2%2Fcomments&post=906"}],"version-history":[{"count":12,"href":"http:\/\/stadthotel-buehnenhaus.com\/index.php?rest_route=\/wp\/v2\/pages\/906\/revisions"}],"predecessor-version":[{"id":963,"href":"http:\/\/stadthotel-buehnenhaus.com\/index.php?rest_route=\/wp\/v2\/pages\/906\/revisions\/963"}],"wp:attachment":[{"href":"http:\/\/stadthotel-buehnenhaus.com\/index.php?rest_route=%2Fwp%2Fv2%2Fmedia&parent=906"}],"curies":[{"name":"wp","href":"https:\/\/api.w.org\/{rel}","templated":true}]}}