{"id":689,"date":"2019-04-23T07:59:26","date_gmt":"2019-04-23T07:59:26","guid":{"rendered":"http:\/\/stadthotel-buehnenhaus.com\/?page_id=689"},"modified":"2023-01-28T16:31:28","modified_gmt":"2023-01-28T16:31:28","slug":"unser-fruehstuecksraum","status":"publish","type":"page","link":"http:\/\/stadthotel-buehnenhaus.com\/?page_id=689","title":{"rendered":"Unser Fr\u00fchst\u00fccksraum"},"content":{"rendered":"<h1><a href=\"http:\/\/stadthotel-buehnenhaus.com\/wp-content\/uploads\/2019\/04\/DSC_4812_klein.jpg\"><img loading=\"lazy\" decoding=\"async\" width=\"300\" height=\"200\" class=\"size-medium wp-image-676 aligncenter\" src=\"http:\/\/stadthotel-buehnenhaus.com\/wp-content\/uploads\/2019\/04\/DSC_4812_klein-300x200.jpg\" alt=\"\" srcset=\"http:\/\/stadthotel-buehnenhaus.com\/wp-content\/uploads\/2019\/04\/DSC_4812_klein-300x200.jpg 300w, http:\/\/stadthotel-buehnenhaus.com\/wp-content\/uploads\/2019\/04\/DSC_4812_klein-768x511.jpg 768w, http:\/\/stadthotel-buehnenhaus.com\/wp-content\/uploads\/2019\/04\/DSC_4812_klein-100x67.jpg 100w, http:\/\/stadthotel-buehnenhaus.com\/wp-content\/uploads\/2019\/04\/DSC_4812_klein-116x77.jpg 116w, http:\/\/stadthotel-buehnenhaus.com\/wp-content\/uploads\/2019\/04\/DSC_4812_klein.jpg 800w\" sizes=\"auto, (max-width: 300px) 100vw, 300px\" \/><\/a>\u00a0\u00a0\u00a0\u00a0\u00a0\u00a0\u00a0\u00a0\u00a0\u00a0\u00a0\u00a0\u00a0 Ein L\u00e4cheln am Morgen ist der sch\u00f6nste Start in den Tag!<\/h1>\n<h3><em>Bedienen Sie sich am Morgen an unserem Fr\u00fchst\u00fccksbuffet. <\/em><\/h3>\n<p>Genie\u00dfen Sie die 1. Tasse Kaffee, frische B\u00e4ckerbr\u00f6tchen, frischen Obstsalat mit Joghurt oder eine Sch\u00fcssel Cornflakes.<\/p>\n<h4 style=\"text-align: center;\"><strong>\u00a0<\/strong><\/h4>\n<p><a href=\"http:\/\/stadthotel-buehnenhaus.com\/wp-content\/uploads\/2019\/04\/DSC_4807_klein.jpg\"><img loading=\"lazy\" decoding=\"async\" width=\"300\" height=\"200\" class=\"size-medium wp-image-675 alignright\" src=\"http:\/\/stadthotel-buehnenhaus.com\/wp-content\/uploads\/2019\/04\/DSC_4807_klein-300x200.jpg\" alt=\"\" srcset=\"http:\/\/stadthotel-buehnenhaus.com\/wp-content\/uploads\/2019\/04\/DSC_4807_klein-300x200.jpg 300w, http:\/\/stadthotel-buehnenhaus.com\/wp-content\/uploads\/2019\/04\/DSC_4807_klein-768x511.jpg 768w, http:\/\/stadthotel-buehnenhaus.com\/wp-content\/uploads\/2019\/04\/DSC_4807_klein-100x67.jpg 100w, http:\/\/stadthotel-buehnenhaus.com\/wp-content\/uploads\/2019\/04\/DSC_4807_klein-116x77.jpg 116w, http:\/\/stadthotel-buehnenhaus.com\/wp-content\/uploads\/2019\/04\/DSC_4807_klein.jpg 800w\" sizes=\"auto, (max-width: 300px) 100vw, 300px\" \/><\/a><\/p>\n","protected":false},"excerpt":{"rendered":"<p>\u00a0\u00a0\u00a0\u00a0\u00a0\u00a0\u00a0\u00a0\u00a0\u00a0\u00a0\u00a0\u00a0 Ein L\u00e4cheln am Morgen ist der sch\u00f6nste Start in den Tag! Bedienen Sie sich am Morgen an unserem Fr\u00fchst\u00fccksbuffet. Genie\u00dfen Sie die 1. Tasse <\/p>\n<p><a href=\"http:\/\/stadthotel-buehnenhaus.com\/?page_id=689\" class=\"button2\">Mehr lesen &raquo;<\/a><\/p>\n","protected":false},"author":2,"featured_media":0,"parent":0,"menu_order":0,"comment_status":"closed","ping_status":"closed","template":"","meta":{"footnotes":""},"class_list":["post-689","page","type-page","status-publish","hentry"],"_links":{"self":[{"href":"http:\/\/stadthotel-buehnenhaus.com\/index.php?rest_route=\/wp\/v2\/pages\/689","targetHints":{"allow":["GET"]}}],"collection":[{"href":"http:\/\/stadthotel-buehnenhaus.com\/index.php?rest_route=\/wp\/v2\/pages"}],"about":[{"href":"http:\/\/stadthotel-buehnenhaus.com\/index.php?rest_route=\/wp\/v2\/types\/page"}],"author":[{"embeddable":true,"href":"http:\/\/stadthotel-buehnenhaus.com\/index.php?rest_route=\/wp\/v2\/users\/2"}],"replies":[{"embeddable":true,"href":"http:\/\/stadthotel-buehnenhaus.com\/index.php?rest_route=%2Fwp%2Fv2%2Fcomments&post=689"}],"version-history":[{"count":5,"href":"http:\/\/stadthotel-buehnenhaus.com\/index.php?rest_route=\/wp\/v2\/pages\/689\/revisions"}],"predecessor-version":[{"id":979,"href":"http:\/\/stadthotel-buehnenhaus.com\/index.php?rest_route=\/wp\/v2\/pages\/689\/revisions\/979"}],"wp:attachment":[{"href":"http:\/\/stadthotel-buehnenhaus.com\/index.php?rest_route=%2Fwp%2Fv2%2Fmedia&parent=689"}],"curies":[{"name":"wp","href":"https:\/\/api.w.org\/{rel}","templated":true}]}}