{"id":10,"date":"2015-09-17T06:10:38","date_gmt":"2015-09-17T06:10:38","guid":{"rendered":"http:\/\/www.stadthotel-buehnenhaus.com\/?page_id=10"},"modified":"2019-10-02T07:51:49","modified_gmt":"2019-10-02T07:51:49","slug":"hotel","status":"publish","type":"page","link":"http:\/\/stadthotel-buehnenhaus.com\/?page_id=10","title":{"rendered":"Hotel"},"content":{"rendered":"<p style=\"text-align: left;\"><a href=\"http:\/\/stadthotel-buehnenhaus.com\/wp-content\/uploads\/2019\/04\/DSC_4817_klein.jpg\"><img loading=\"lazy\" decoding=\"async\" width=\"300\" height=\"200\" class=\"size-medium wp-image-663 alignleft\" src=\"http:\/\/stadthotel-buehnenhaus.com\/wp-content\/uploads\/2019\/04\/DSC_4817_klein-300x200.jpg\" alt=\"\" srcset=\"http:\/\/stadthotel-buehnenhaus.com\/wp-content\/uploads\/2019\/04\/DSC_4817_klein-300x200.jpg 300w, http:\/\/stadthotel-buehnenhaus.com\/wp-content\/uploads\/2019\/04\/DSC_4817_klein-768x511.jpg 768w, http:\/\/stadthotel-buehnenhaus.com\/wp-content\/uploads\/2019\/04\/DSC_4817_klein-100x67.jpg 100w, http:\/\/stadthotel-buehnenhaus.com\/wp-content\/uploads\/2019\/04\/DSC_4817_klein-116x77.jpg 116w, http:\/\/stadthotel-buehnenhaus.com\/wp-content\/uploads\/2019\/04\/DSC_4817_klein.jpg 800w\" sizes=\"auto, (max-width: 300px) 100vw, 300px\" \/><\/a>Herzlich Willkommen in Ihrem *** Hotel Garni (Fr\u00fchst\u00fcckshotel) mit famili\u00e4rer Atmosph\u00e4re. Sie finden uns zentral und im Herzen von Kevelaer, nur 10 Gehminunten vom Bahnhof entfernt. Das sch\u00f6ne Zentrum von Kevelaer, mit seiner Hauptstra\u00dfe zum Einkaufen und verweilen ist innerhalb von 5 Minuten zu erreichen, direkt vor dem Hotel befindet sich unser Hotelparkplatz &#8211; f\u00fcr alle \u00dcbernachtungsg\u00e4ste kostenlos. Genie\u00dfen Sie bei sch\u00f6nem Wetter die ruhige und gr\u00fcne Umgebung des Hotelgartens zum Entspannen.<a href=\"http:\/\/stadthotel-buehnenhaus.com\/wp-content\/uploads\/2019\/04\/DSC_4812_klein.jpg\"><img loading=\"lazy\" decoding=\"async\" width=\"300\" height=\"200\" class=\"size-medium wp-image-676 alignright\" src=\"http:\/\/stadthotel-buehnenhaus.com\/wp-content\/uploads\/2019\/04\/DSC_4812_klein-300x200.jpg\" alt=\"\" srcset=\"http:\/\/stadthotel-buehnenhaus.com\/wp-content\/uploads\/2019\/04\/DSC_4812_klein-300x200.jpg 300w, http:\/\/stadthotel-buehnenhaus.com\/wp-content\/uploads\/2019\/04\/DSC_4812_klein-768x511.jpg 768w, http:\/\/stadthotel-buehnenhaus.com\/wp-content\/uploads\/2019\/04\/DSC_4812_klein-100x67.jpg 100w, http:\/\/stadthotel-buehnenhaus.com\/wp-content\/uploads\/2019\/04\/DSC_4812_klein-116x77.jpg 116w, http:\/\/stadthotel-buehnenhaus.com\/wp-content\/uploads\/2019\/04\/DSC_4812_klein.jpg 800w\" sizes=\"auto, (max-width: 300px) 100vw, 300px\" \/><\/a><\/p>\n<p style=\"text-align: left;\">Das Stadthotel am B\u00fchnenhaus verf\u00fcgt \u00fcber 27 Zimmern auf drei Etagen. <strong>(ohne Fahrstuhl)<\/strong> Alle Zimmer verf\u00fcgen \u00fcber ein eigenes Badezimmer mit Dusche und WC, Flachbild-TV, kostenlose Kaffee- und Teebar im Zimmer und W-Lan im gesamtem Hotel.<\/p>\n<p><a href=\"http:\/\/stadthotel-buehnenhaus.com\/wp-content\/uploads\/2019\/04\/DSC_4815_klein.jpg\"><img loading=\"lazy\" decoding=\"async\" width=\"300\" height=\"200\" class=\"alignnone size-medium wp-image-664\" src=\"http:\/\/stadthotel-buehnenhaus.com\/wp-content\/uploads\/2019\/04\/DSC_4815_klein-300x200.jpg\" alt=\"\" srcset=\"http:\/\/stadthotel-buehnenhaus.com\/wp-content\/uploads\/2019\/04\/DSC_4815_klein-300x200.jpg 300w, http:\/\/stadthotel-buehnenhaus.com\/wp-content\/uploads\/2019\/04\/DSC_4815_klein-768x511.jpg 768w, http:\/\/stadthotel-buehnenhaus.com\/wp-content\/uploads\/2019\/04\/DSC_4815_klein-100x67.jpg 100w, http:\/\/stadthotel-buehnenhaus.com\/wp-content\/uploads\/2019\/04\/DSC_4815_klein-116x77.jpg 116w, http:\/\/stadthotel-buehnenhaus.com\/wp-content\/uploads\/2019\/04\/DSC_4815_klein.jpg 800w\" sizes=\"auto, (max-width: 300px) 100vw, 300px\" \/><\/a><\/p>\n<p style=\"text-align: left;\">\n","protected":false},"excerpt":{"rendered":"<p>Herzlich Willkommen in Ihrem *** Hotel Garni (Fr\u00fchst\u00fcckshotel) mit famili\u00e4rer Atmosph\u00e4re. Sie finden uns zentral und im Herzen von Kevelaer, nur 10 Gehminunten vom Bahnhof <\/p>\n<p><a href=\"http:\/\/stadthotel-buehnenhaus.com\/?page_id=10\" class=\"button2\">Mehr lesen &raquo;<\/a><\/p>\n","protected":false},"author":1,"featured_media":675,"parent":0,"menu_order":0,"comment_status":"closed","ping_status":"closed","template":"","meta":{"footnotes":""},"class_list":["post-10","page","type-page","status-publish","has-post-thumbnail","hentry"],"_links":{"self":[{"href":"http:\/\/stadthotel-buehnenhaus.com\/index.php?rest_route=\/wp\/v2\/pages\/10","targetHints":{"allow":["GET"]}}],"collection":[{"href":"http:\/\/stadthotel-buehnenhaus.com\/index.php?rest_route=\/wp\/v2\/pages"}],"about":[{"href":"http:\/\/stadthotel-buehnenhaus.com\/index.php?rest_route=\/wp\/v2\/types\/page"}],"author":[{"embeddable":true,"href":"http:\/\/stadthotel-buehnenhaus.com\/index.php?rest_route=\/wp\/v2\/users\/1"}],"replies":[{"embeddable":true,"href":"http:\/\/stadthotel-buehnenhaus.com\/index.php?rest_route=%2Fwp%2Fv2%2Fcomments&post=10"}],"version-history":[{"count":4,"href":"http:\/\/stadthotel-buehnenhaus.com\/index.php?rest_route=\/wp\/v2\/pages\/10\/revisions"}],"predecessor-version":[{"id":742,"href":"http:\/\/stadthotel-buehnenhaus.com\/index.php?rest_route=\/wp\/v2\/pages\/10\/revisions\/742"}],"wp:featuredmedia":[{"embeddable":true,"href":"http:\/\/stadthotel-buehnenhaus.com\/index.php?rest_route=\/wp\/v2\/media\/675"}],"wp:attachment":[{"href":"http:\/\/stadthotel-buehnenhaus.com\/index.php?rest_route=%2Fwp%2Fv2%2Fmedia&parent=10"}],"curies":[{"name":"wp","href":"https:\/\/api.w.org\/{rel}","templated":true}]}}